d derivative of 757*l**5/30 - l**4/3 + 5*l**3/6 + 60*l**2. Is z(1) composite?
False
Let s be -263*(-6)/(-15)*50. Let i be (0 + (-6)/3)/(8/s). Suppose -357 + i = 2*q. Is q prime?
True
Let r = 339113 - 176472. Is r prime?
True
Is 9719/((-18)/(-4554)*23) a prime number?
False
Let v be ((-14)/21)/((-2)/6). Let h = -6 + v. Is 310/2 - (-4 + h/(-1)) composite?
True
Suppose 4*r = 3*q + 28381, -3*r + 4 = -2*r. Let m = q + 22548. Is m prime?
True
Suppose -15*k + 14*k = -2, -o + 1011 = 2*k. Suppose -3*r = -4*r + 2*c + o, r - 997 = -3*c. Is r composite?
True
Suppose -5*c = -71*z + 66*z - 1058890, 0 = -5*c - z + 1058884. Is c prime?
True
Let a = -90 + 30. Let t be (3378/8)/((-9)/a). Suppose -w - 2*h + 563 = 0, w = 6*w + 3*h - t. Is w composite?
False
Suppose -4*k - i = -10111 + 38724, -4*i = 5*k + 35769. Let m = -4716 - k. Is m composite?
False
Let w = 4522725 - 2365547. Is w a prime number?
False
Suppose -2*n - 36 = -11*n. Let y be (n/(-7))/(4/(-14)). Let m(z) = 248*z**2 + 6*z - 7. Is m(y) composite?
False
Is (-5 - 12770485/(-17)) + -19 a prime number?
True
Let p = -68 + 99. Let d = -29 + p. Suppose -2*g = 2*o - 5546, -2*g + 5542 = 5*o - d*o. Is g a prime number?
True
Suppose 4*x = 12*x. Let a(q) = 3*q + 3206. Let f be a(x). Suppose 2*v - f = -5*v. Is v a prime number?
False
Suppose 173*o - 589644 = 3297493. Is o a prime number?
True
Let w = -3 + 9. Suppose 5*g = -w + 31. Suppose 3*n = g*r + 198, -r - 68 = -n - 0*r. Is n a prime number?
True
Suppose 0 = -254*a + 291*a - 740777. Is a a prime number?
True
Let l(d) = 9450*d - 755. Is l(3) a composite number?
True
Suppose 4*d - 734862 = 5*t - 8480, -181585 = -d + 3*t. Is d a composite number?
False
Let i = -38926 + 19744. Let o = -7327 - i. Is o a prime number?
False
Suppose -m - 56 = -0*m. Let d = m - -44. Is 8/d + (565/(-3))/(-5) a composite number?
False
Let y = 3 + -1. Suppose 3*s - 25 = -y*h, -2*s + 25 = 2*s + h. Suppose 3*n - s*n + 2825 = 3*w, -4*n + 2*w + 5674 = 0. Is n prime?
False
Let n = -21715 - -49830. Is n a prime number?
False
Let j(c) = 3621*c**2 + 27*c + 145. Is j(-18) composite?
True
Let c = -2853 - -2983. Suppose -127 = -u + 4*n, -5*u - 5*n + 254 = -3*u. Let l = u + c. Is l a composite number?
False
Suppose -9*p + 3*p + 36 = 0. Let w(i) = 23*i - 4. Let n be w(p). Suppose -5*s + n = 24. Is s composite?
True
Suppose -17835752 = -50*d + 7546272 - 533374. Is d a composite number?
True
Let o(u) = -201*u + 33. Let c be o(-12). Suppose 0 = 42*s - 39*s - 4713. Suppose -5*g = -5*d - c, 3*g - 2*d - s = -108. Is g prime?
False
Let b(x) = -14*x + 147. Let z be b(-26). Let j = 2796 - z. Is j a composite number?
True
Is (526998/(-24))/(((-15)/(-20))/3*-1) a prime number?
True
Let z be (40 + -42)*(-1)/(2/13083). Is (4/(-6))/((-14)/z) a prime number?
False
Let d(m) = -20*m**3 + 2*m**2 + 20*m - 9. Let t be d(-13). Is (2 + -1)/((-7)/t*-1) a prime number?
True
Let p(q) = -q**3 + 11*q**2 - 7*q - 25. Let a be p(10). Is (1 - (-636)/a)/((-1)/(-5)) composite?
False
Let i be (145/(-25) + 6)/((-1)/(-25)). Suppose -i*w + 30641 = -2*u, 0 = w + 3*u + 409 - 6527. Is w composite?
True
Suppose -5*c = -932 + 2. Let i = c + -404. Let p = i + 2263. Is p a prime number?
False
Suppose -15 = -33*r + 84. Suppose r*w - 6534 - 1785 = 0. Is w a prime number?
False
Let x(h) = 3*h + 29. Let i be x(-9). Let w(o) = -o + i*o + 41 - 37 + 28*o**2. Is w(3) a prime number?
False
Is ((-395756)/(-8))/(10/4 + -2) composite?
False
Let h(l) = l**2 - 5*l - 1. Let v(a) = -14*a**2 - 12*a + 142. Let f(z) = -3*h(z) - v(z). Is f(8) a composite number?
True
Let c = 66461 - -101060. Is c prime?
True
Let r = 25 + -20. Suppose 5*p - r*f = 17235, 0 = -p + 3*f + 385 + 3066. Suppose -3*m + 2*d = -2435, p = 5*m + 4*d - 584. Is m a prime number?
True
Let b = -1191 + 384. Let z = -44 - b. Is z a prime number?
False
Let t(m) = 4*m**3 + 12*m**2 - 16*m - 9. Let x = 91 - 82. Let k be t(x). Suppose -4*n + 4681 = p - k, -2*n - 3*p = -4218. Is n prime?
False
Let j(q) = -1. Let c(x) = 87*x + 31. Let h(t) = -c(t) - 2*j(t). Let z(v) = 36*v**2 - 328*v + 12. Let l be z(9). Is h(l) composite?
True
Is (-7)/(-1) + 32226 + 12 a composite number?
True
Let f(y) = 1974*y + 34. Let s be f(5). Suppose -10*n + s = -18966. Is n a composite number?
False
Let b = 145947 + -53318. Is b prime?
False
Suppose 20597 + 14427 = 4*n. Suppose 5*a = x - 3530, -n = -2*x - 4*a - 1766. Is x a prime number?
False
Let f = 111025 - 25644. Is f a composite number?
False
Suppose -2*x = 36 + 56. Let s = 145 - x. Is s a prime number?
True
Let k(s) = -208*s + 9. Let j be k(4). Let m = j + 431. Let y = m + 685. Is y composite?
False
Suppose 0 = 4*v - 2*v + 3*a - 19, -a = 3*v - 11. Let h be v*-1 - (-13 + 7). Suppose -h*u - 3*k = k - 5040, 3*k + 3 = 0. Is u composite?
True
Let y = -84 + 92. Suppose o = -2*z + 2227, -2*o = -y*z + 9*z - 1109. Is z composite?
True
Let g be (-2 - (4 + -6))/(4 - 3). Is g - 0 - (-26131 - 0) a composite number?
True
Let b(c) = -c**3 - 4*c**2 + 10*c + 6. Let s be b(-7). Let l be (2/1)/(-6)*-6. Suppose l*d - 75 = s. Is d composite?
False
Let z = 6419 + -3474. Let d = z - 2024. Is d a composite number?
True
Let c(r) = 1. Let n(g) = g**3 + 13*g**2 - 15*g - 15. Let b be n(-14). Let x(s) = 38*s - 54. Let y(k) = b*x(k) + 5*c(k). Is y(-25) a composite number?
False
Suppose -4*b - 5 = 2*m - 99, -3*b + 9 = 0. Suppose -q = -3*g + 109, 10*q - m = -g + 8*q. Is g a prime number?
True
Let y = 616619 - 97866. Is y a composite number?
True
Let k(u) = 857*u**2 + 40*u + 22. Is k(-9) composite?
True
Let b = 22 + 11. Suppose 16*m - b = 5*m. Suppose n + 5*c = -2*n + 1724, -c + 1744 = m*n. Is n a prime number?
False
Let u = 1967 - 1081. Suppose -3*g - 3689 + 1456 = -5*v, 3*g = 2*v - u. Suppose 19*z - 18*z - v = 0. Is z prime?
True
Suppose 2*k = -4*q + 1978154, 30*q = -5*k + 32*q + 4945349. Is k a composite number?
False
Let i(t) = 1099*t**2 + t + 2. Let s(z) = 1097*z**2 + 2*z + 1. Let y(w) = 4*i(w) - 3*s(w). Is y(2) composite?
False
Is (376441/39)/((-17)/3 - -6) a composite number?
True
Suppose 0 = -3*n - 2*p + 381937, -236*n + 509250 = -232*n + 3*p. Is n a prime number?
False
Let t(q) be the first derivative of 134*q**3/3 - q**2 - 2*q - 39. Suppose -2*p = -5*p - 6. Is t(p) prime?
False
Suppose 4*b = -4*p + 723240, -384*p - b = -379*p - 904046. Is p a prime number?
False
Let p(f) = 86*f**2 + 37*f + 15. Let h(s) = -86*s**2 - 37*s - 15. Let o(k) = -4*h(k) - 5*p(k). Let c be o(-16). Is (-1 + 0)/(11/c) a composite number?
False
Let b = 65122 - -45189. Is b a prime number?
True
Let o be (-6)/((-2)/(2*-3)*-9). Suppose -3*l = -l + 2*d - 20200, o*d + 40376 = 4*l. Is (-2)/4*(l/8)/(-1) prime?
True
Suppose -5*g - 2*b + 22 = 7, -5*b + 15 = 5*g. Suppose -15166 = -6*l - 5980. Suppose -g*m - 22 = -l. Is m a prime number?
True
Let k be 40/8 + -4 + 24 + 0. Suppose k*q = 1996 + 1929. Is q a prime number?
True
Let u = -384 - -2587. Is u composite?
False
Let m(k) = -388*k - 6593. Is m(-87) prime?
False
Let a be (-33)/22*64/6. Is a/(-44) + (-5947)/(-11) composite?
False
Let k(f) = -f**3 + 37*f**2 - 45*f + 75. Let y be k(30). Suppose 5*x - 1041 = -c + 7327, -2*c + y = 3*x. Is x composite?
True
Suppose 3*i = u - 55766, -u + 55765 = -77*i + 75*i. Is u a prime number?
True
Suppose 6 = 3*j, -4*z + 12*j - 10*j + 3758944 = 0. Is z a composite number?
False
Let b be -150 + 1 - 1/(-1)*3. Let v = 152 + b. Let p(a) = 21*a**2 - 5*a - 3. Is p(v) prime?
False
Let p = 155 + -145. Let h = 327 + -158. Let z = p + h. Is z prime?
True
Is 1/(-4)*1 - (-540747)/12 prime?
False
Let u = 98239 + -13458. Is u prime?
False
Suppose -34*y = -30*y - 208. Is (12883/y)/(2/8) a composite number?
False
Is ((-1)/3)/((-49)/1323735) a prime number?
False
Suppose -189*b = -180*b - 2583405. Suppose -16*g + b = 63733. Is g composite?
True
Is 4325810/200 - (-28)/(-560) a composite number?
True
Suppose -20*j + 12*j = -720. Let l = j + -53. Is l prime?
True
Let y = 52542 - 9151. Is y a prime number?
True
Let c(t) = -4*t - 6*t**3 + 7*t**3 + 8*t**2 + 6 - 17. Let s(h) = h**3 + 7*h**2 - 3*h - 10. Let o(v) = 5*c(v) - 4*s(v). Is o(-10) a composite number?
True
Suppose 1530641 + 295102 = 19*k + 359342. Is k prime?
False
Let c(p) = 8204*p - 13. Suppose -6*v - v + 7 = 0. Is c(v) prime?
True
Let i = -533098 - -776069. Is i a composite number?
False
Let k(a) = 147*a**2 - 4*a